t is the greatest common divisor of b and t?
19
Let u = 114 + -113. Let t be 2756/16 - u/4. What is the highest common factor of t and 430?
86
Let p = -112 - -42. Let m = p + 186. Suppose -3*u - 22 = -2*r + 28, 0 = 4*r - 2*u - m. What is the highest common factor of 93 and r?
31
Let d(a) = a**3 + 16*a**2 + 29*a + 18. Let x be d(-14). Suppose -x*b - 3*b = -14. What is the highest common divisor of 5 and b?
1
Let v(n) = -43*n**3 + n**2 + n - 1. Let b be v(-1). Suppose b - 17 = 5*w. Calculate the greatest common divisor of 15 and w.
5
Suppose 2*v - 2553 = -1421*b + 1422*b, 0 = -5*v + 4*b + 6372. Calculate the highest common divisor of 260 and v.
20
Let j(y) = y**2 - 9*y + 25. Let c(r) = 3*r + 9. Let n be c(-3). Let d be -4*(2 - (4 - n)). Let b be j(d). Calculate the greatest common divisor of b and 17.
17
Suppose -132 + 1288 = 35*c - 314. Suppose 4*p - 5*p = -1050. What is the highest common factor of p and c?
42
Let q = -31849 - -38125. Calculate the greatest common factor of 60 and q.
12
Suppose -13848 = -20*x + 9*z - 7*z, 0 = -3*x - 4*z + 2103. Calculate the highest common divisor of x and 2277.
99
Suppose 0 = 35*x - 33*x - 12. Let p be (-2 - (-2 + 5 + -1)) + 28. What is the highest common divisor of p and x?
6
Suppose -3*n - 2*b + 1376 = 0, 4*n + 3*b - 1265 = 571. Calculate the highest common factor of n and 627.
57
Suppose 15*w - 276 = 12*w. Suppose -4*v + 340 = w. Calculate the highest common factor of v and 62.
62
Suppose -1267 = -5*r - 4*s, -5*r = 169*s - 168*s - 1243. Calculate the highest common factor of r and 78.
13
Suppose 3*b = o + 18, 14*b - 13*b - 4*o - 6 = 0. Calculate the highest common divisor of b and 108.
6
Let k(y) be the first derivative of y**4/4 + 5*y**3/3 + 3*y**2/2 + 4*y + 85. Let x = -13 + 9. Let d be k(x). Calculate the greatest common factor of 24 and d.
8
Suppose -5*a - 30 = -w + 181, 3*w - 645 = 3*a. Let p(u) = 3*u**2 - 649*u - 20225. Let t be p(244). Calculate the highest common factor of t and w.
27
Suppose 5*l + t - 10072 = 0, -4*l + 6462 + 1588 = -3*t. What is the highest common factor of 76 and l?
38
Suppose -3*w + 50 = 2*w. Suppose w*x - 17 = 33. Suppose x*b - 61 = -2*l, -2*l = -3*b - l + 30. What is the highest common divisor of 44 and b?
11
Let r = -12 - -24. Let a(j) be the second derivative of 2*j**3/3 + 23*j**2/2 - 7*j. Let m be a(-5). What is the greatest common factor of r and m?
3
Let s(d) = 2*d + 5. Let a be s(5). Let o(y) = -y**2 - 16*y - 29. Let x be o(-22). Let l = x - -166. Calculate the greatest common divisor of a and l.
5
Let x be -105*(-72)/27 + -7. Calculate the highest common divisor of 126 and x.
21
Let z(b) = 6*b - 7. Let h be z(7). Let g be 8733/355*(0/(-2) - 20). Let q = g - -877. Calculate the highest common factor of q and h.
35
Let y = -124 + 136. Suppose t + y*t = 1014. Suppose 0 = 15*u - 7*u - 832. What is the greatest common divisor of t and u?
26
Let g = -664 + 784. Let t be 3*(10/(-6) + 3). Let a be 1336/28 + t/14. Calculate the highest common factor of g and a.
24
Suppose 0 = -3*x - 4*r + 187 - 27, 2*r - 276 = -5*x. Let f be 16/x + (-38)/(-14). Suppose -l - 30 = -f*l. What is the highest common factor of 75 and l?
15
Let r(g) = -16*g - 3. Let m be r(-5). Suppose -94*s - 19120 = -114*s. Let l = 967 - s. Calculate the highest common divisor of l and m.
11
Let s = 17163 - 16863. What is the highest common divisor of s and 3675?
75
Suppose -1758*b + 1795*b - 3774 = 0. Calculate the greatest common divisor of b and 9078.
102
Suppose 5*o + 21*g - 17 = 19*g, -3*g + 3 = 3*o. Calculate the greatest common divisor of 335 and o.
5
Let a(q) = q**2 + 5*q - 17. Let z be a(3). Suppose z*f = -0*f + 826. What is the highest common divisor of 177 and f?
59
Suppose 43*u - 1650 = 32*u. Let y = u + -133. Calculate the greatest common divisor of 187 and y.
17
Let u = -21375 - -22535. What is the highest common factor of u and 1102?
58
Suppose 5*x + 10*l - 8*l - 1178 = 0, -x + 250 = -2*l. Calculate the highest common factor of 182 and x.
14
Let k = -75 - -159. Let y(g) = g**3 - 21*g**2 - 275*g + 15. Let u be y(-9). What is the highest common factor of u and k?
12
Suppose -5*p + 13217 = -2*k, 446*k - 442*k = 4*p - 10588. Calculate the greatest common factor of p and 19.
19
Suppose 3*u + 4*v = u - 6, -4*u = -2*v - 8. Let l(n) = 159*n**3 + 2*n - 2. Let y be l(u). Calculate the greatest common divisor of y and 53.
53
Let y(h) = -h**3 + 3*h + 150. Let m be y(0). Let c be ((-90)/m)/((-3)/10). What is the highest common divisor of c and 32?
2
Let a = -300 - -806. Suppose 38*j = 15*j + a. Calculate the greatest common divisor of 33 and j.
11
Suppose -3*j + 1079 = 4*r, -1372 = 4*r - 9*r + 4*j. Suppose -5*s + r = -3*v, 2*s + 18*v = 13*v + 84. Calculate the highest common factor of s and 26.
26
Let k = -1299 - -1527. What is the highest common factor of k and 132?
12
Suppose -6*h = -2*h - 12. Let a be (h - 0)*-1 + -1. Let w be (a/(-10))/(546/90 - 6). Calculate the greatest common divisor of 66 and w.
6
Let y(m) = 15*m**2 - m - 4. Let x = 151 + -77. Let p = x + -71. Let u be y(p). What is the highest common factor of u and 16?
16
Let z = -2511 - -2603. What is the highest common divisor of 7498 and z?
46
Suppose -14*i + 13*i + 6 = 0, -274 = -4*p - 3*i. What is the greatest common factor of 1568 and p?
32
Let o(g) = 191*g - 1057. Let z be o(6). Calculate the greatest common factor of z and 19046.
89
Suppose 4*w + 79 = -125. Let h = w + 59. Suppose 0 = 6*y - 3*y - 36. Calculate the greatest common divisor of h and y.
4
Let u(a) = -a**3 + 23*a**2 - 42*a + 39. Let k(d) = -d**3 - 25*d**2 - 25*d - 3. Let v be k(-24). Let h be u(v). Calculate the highest common factor of h and 507.
39
Let n be 2632/63 - 4/(-18). Let b be 1 - 2/(4/n). Let k be (2/2 - b)*42/49. Calculate the greatest common factor of k and 9.
9
Suppose 0 = -3*i + 3 + 108. Let f be 2*(i + (1 - (-4)/(-8))). Suppose -4*u + 3*s = -132, -4*u - 4*s = -s - 108. What is the greatest common factor of f and u?
15
Suppose 25 = 5*v, -x = 5*v - 18 - 11. Suppose 0 = 2*j - 3*q - 53, -79 = -19*j + 16*j + x*q. Calculate the greatest common divisor of j and 5.
5
Let a(c) = c**3 - 29*c**2 - 135*c - 413. Let o be a(34). Calculate the highest common factor of 84 and o.
21
Let q = 42285 + -42232. Calculate the highest common factor of q and 14575.
53
Suppose 110*b = 95*b + 975. Calculate the highest common divisor of 884 and b.
13
Let z(c) = 173*c + 4202. Let h be z(-18). What is the highest common divisor of h and 5168?
272
Let m be 4/(-16) - 73/(-4). Let j = 23 - 23. Suppose j = -21*y + 12*y + 243. What is the highest common divisor of y and m?
9
Suppose -4*n + 152*k - 148*k + 68 = 0, -67 = -5*n + 2*k. Calculate the highest common divisor of 3773 and n.
11
Suppose -17 = -6*t + 37. Suppose 0 = -n - 85 + 19. Let o = -39 - n. Calculate the highest common factor of o and t.
9
Suppose 19 = 3*i + 448. Let n be (-2)/(5/5) - i. Suppose 4*h + j - 4*j - n = 0, -j - 3 = 0. What is the highest common factor of h and 264?
33
Let a be 0 + -6 + 43/((-688)/(-1280)). What is the greatest common divisor of a and 2?
2
Let j(g) = -g**3 - 7*g**2 + 21*g + 27. Let w be j(-9). Suppose -2*m + 4*f = -24, -2*m + 2*f = -w*f - 16. What is the highest common factor of 92 and m?
4
Let c = 10181 + -7160. Calculate the highest common factor of 741 and c.
57
Suppose -4*n = -11796 + 3892. Suppose 2*j - n = 4*q, -2*j + 1976 = -2*q + 6*q. Calculate the highest common factor of j and 52.
52
Suppose -2*n - n = 6. Let b be ((-25)/(-35) - n) + 4/14. Suppose 0 = b*u - 98 - 46. What is the highest common divisor of 12 and u?
12
Suppose 6*d = 10*d - 8. Suppose d*z + 3*z - 65 = 0. Suppose -3*p - 4*h = -7*p + 300, p - 4*h = 66. What is the greatest common factor of z and p?
13
Let y be ((-10)/(-20))/(3*(-1)/(-582)). Let q = 144 + -87. Let u = y - q. What is the highest common divisor of 280 and u?
40
Suppose 0 = -12*b + 18*b - 72. Let j = -160 + 172. What is the highest common factor of j and b?
12
Let d = 7721 + -7673. Calculate the highest common divisor of 396 and d.
12
Let f be 4/6 - 56/(-42). Let w(a) = 27 - 5 - f + 5 + 2*a. Let i be w(0). What is the greatest common factor of i and 5?
5
Let c(l) = l**2 + 53*l + 208. Let d be c(-54). Calculate the highest common factor of d and 8.
2
Let z be 56/(1 - -1) + 3. 